
List the prime factors of 4054.
2, 2027
What are the prime factors of 12321?
3, 37
List the prime factors of 10869.
3, 3623
List the prime factors of 337.
337
What are the prime factors of 24541?
11, 23, 97
List the prime factors of 9991.
97, 103
List the prime factors of 15276.
2, 3, 19, 67
What are the prime factors of 16331?
7, 2333
What are the prime factors of 71345?
5, 19, 751
What are the prime factors of 4052?
2, 1013
List the prime factors of 606.
2, 3, 101
List the prime factors of 8556.
2, 3, 23, 31
What are the prime factors of 32711?
7, 4673
List the prime factors of 1406.
2, 19, 37
List the prime factors of 182847.
3, 7, 8707
List the prime factors of 13249.
13249
What are the prime factors of 3728?
2, 233
List the prime factors of 2793.
3, 7, 19
List the prime factors of 16086.
2, 3, 7, 383
What are the prime factors of 2805?
3, 5, 11, 17
What are the prime factors of 5798?
2, 13, 223
List the prime factors of 3032.
2, 379
What are the prime factors of 92212?
2, 23053
List the prime factors of 4848.
2, 3, 101
What are the prime factors of 5293?
67, 79
What are the prime factors of 179987?
19, 9473
List the prime factors of 994.
2, 7, 71
List the prime factors of 2564.
2, 641
List the prime factors of 5855.
5, 1171
List the prime factors of 6.
2, 3
List the prime factors of 139.
139
What are the prime factors of 4796?
2, 11, 109
List the prime factors of 2202.
2, 3, 367
What are the prime factors of 16538?
2, 8269
List the prime factors of 4567.
4567
What are the prime factors of 46423?
13, 3571
What are the prime factors of 763?
7, 109
What are the prime factors of 33961?
33961
What are the prime factors of 1021?
1021
List the prime factors of 3509.
11, 29
List the prime factors of 37003.
37003
What are the prime factors of 231?
3, 7, 11
What are the prime factors of 1353?
3, 11, 41
List the prime factors of 4179.
3, 7, 199
What are the prime factors of 19353?
3, 6451
List the prime factors of 41142.
2, 3, 6857
What are the prime factors of 43076?
2, 11, 89
What are the prime factors of 1665?
3, 5, 37
What are the prime factors of 8091?
3, 29, 31
List the prime factors of 46839.
3, 13, 1201
List the prime factors of 1085.
5, 7, 31
List the prime factors of 59055.
3, 5, 31, 127
List the prime factors of 53397.
3, 17, 349
List the prime factors of 57633.
3, 19211
List the prime factors of 5212.
2, 1303
List the prime factors of 330.
2, 3, 5, 11
What are the prime factors of 5555?
5, 11, 101
What are the prime factors of 1043?
7, 149
List the prime factors of 69539.
69539
List the prime factors of 75701.
17, 61, 73
What are the prime factors of 1671?
3, 557
What are the prime factors of 161474?
2, 80737
What are the prime factors of 4481?
4481
What are the prime factors of 1831?
1831
What are the prime factors of 1004?
2, 251
What are the prime factors of 5028?
2, 3, 419
List the prime factors of 2121.
3, 7, 101
